{"id":362,"date":"2023-11-03T10:48:09","date_gmt":"2023-11-03T09:48:09","guid":{"rendered":"https:\/\/focentelles.net\/declaracion-de-accesibilidad\/"},"modified":"2023-11-06T13:05:35","modified_gmt":"2023-11-06T12:05:35","slug":"declaracion-de-accesibilidad","status":"publish","type":"page","link":"https:\/\/focentelles.net\/es\/declaracion-de-accesibilidad\/","title":{"rendered":"Declaraci\u00f3n de accesibilidad"},"content":{"rendered":"\n<p>Fibra \u00d2ptica Centelles se ha comprometido a hacer accesible su sitio web, de conformidad con normativa WCAG 2.1 en materia de accesibilidad y que se utiliza como evidencia de la justificaci\u00f3n del criterio de accesibilidad del Programa Kit Digital. Est\u00e1 estructurado conforme a los anexos de la norma UNE-EN 301 549:2022. La presente declaraci\u00f3n de accesibilidad se aplica al sitio web focentelles.net.<\/p>\n","protected":false},"excerpt":{"rendered":"<p>Fibra \u00d2ptica Centelles se ha comprometido a hacer accesible su sitio web, de conformidad con normativa WCAG 2.1 en materia de accesibilidad y que se utiliza como evidencia de la justificaci\u00f3n del criterio de accesibilidad del Programa Kit Digital. Est\u00e1 estructurado conforme a los anexos de la norma UNE-EN 301 549:2022. La presente declaraci\u00f3n de [&hellip;]<\/p>\n","protected":false},"author":2,"featured_media":0,"parent":0,"menu_order":0,"comment_status":"closed","ping_status":"closed","template":"","meta":{"footnotes":""},"class_list":["post-362","page","type-page","status-publish","hentry"],"yoast_head":"<!-- This site is optimized with the Yoast SEO plugin v25.9 - https:\/\/yoast.com\/wordpress\/plugins\/seo\/ -->\n<title>Declaraci\u00f3n de accesibilidad - Fibra \u00d2ptica Centelles<\/title>\n<meta name=\"robots\" content=\"index, follow, max-snippet:-1, max-image-preview:large, max-video-preview:-1\" \/>\n<link rel=\"canonical\" href=\"https:\/\/focentelles.net\/es\/declaracion-de-accesibilidad\/\" \/>\n<meta property=\"og:locale\" content=\"es_ES\" \/>\n<meta property=\"og:type\" content=\"article\" \/>\n<meta property=\"og:title\" content=\"Declaraci\u00f3n de accesibilidad - Fibra \u00d2ptica Centelles\" \/>\n<meta property=\"og:description\" content=\"Fibra \u00d2ptica Centelles se ha comprometido a hacer accesible su sitio web, de conformidad con normativa WCAG 2.1 en materia de accesibilidad y que se utiliza como evidencia de la justificaci\u00f3n del criterio de accesibilidad del Programa Kit Digital. Est\u00e1 estructurado conforme a los anexos de la norma UNE-EN 301 549:2022. La presente declaraci\u00f3n de [&hellip;]\" \/>\n<meta property=\"og:url\" content=\"https:\/\/focentelles.net\/es\/declaracion-de-accesibilidad\/\" \/>\n<meta property=\"og:site_name\" content=\"Fibra \u00d2ptica Centelles\" \/>\n<meta property=\"article:modified_time\" content=\"2023-11-06T12:05:35+00:00\" \/>\n<meta name=\"twitter:card\" content=\"summary_large_image\" \/>\n<script type=\"application\/ld+json\" class=\"yoast-schema-graph\">{\"@context\":\"https:\/\/schema.org\",\"@graph\":[{\"@type\":\"WebPage\",\"@id\":\"https:\/\/focentelles.net\/es\/declaracion-de-accesibilidad\/\",\"url\":\"https:\/\/focentelles.net\/es\/declaracion-de-accesibilidad\/\",\"name\":\"Declaraci\u00f3n de accesibilidad - Fibra \u00d2ptica Centelles\",\"isPartOf\":{\"@id\":\"https:\/\/focentelles.net\/#website\"},\"datePublished\":\"2023-11-03T09:48:09+00:00\",\"dateModified\":\"2023-11-06T12:05:35+00:00\",\"breadcrumb\":{\"@id\":\"https:\/\/focentelles.net\/es\/declaracion-de-accesibilidad\/#breadcrumb\"},\"inLanguage\":\"es\",\"potentialAction\":[{\"@type\":\"ReadAction\",\"target\":[\"https:\/\/focentelles.net\/es\/declaracion-de-accesibilidad\/\"]}]},{\"@type\":\"BreadcrumbList\",\"@id\":\"https:\/\/focentelles.net\/es\/declaracion-de-accesibilidad\/#breadcrumb\",\"itemListElement\":[{\"@type\":\"ListItem\",\"position\":1,\"name\":\"Portada\",\"item\":\"https:\/\/focentelles.net\/\"},{\"@type\":\"ListItem\",\"position\":2,\"name\":\"Declaraci\u00f3n de accesibilidad\"}]},{\"@type\":\"WebSite\",\"@id\":\"https:\/\/focentelles.net\/#website\",\"url\":\"https:\/\/focentelles.net\/\",\"name\":\"Fibra \u00d2ptica Centelles\",\"description\":\"L&#039;operadora del teu poble\",\"publisher\":{\"@id\":\"https:\/\/focentelles.net\/#organization\"},\"potentialAction\":[{\"@type\":\"SearchAction\",\"target\":{\"@type\":\"EntryPoint\",\"urlTemplate\":\"https:\/\/focentelles.net\/?s={search_term_string}\"},\"query-input\":{\"@type\":\"PropertyValueSpecification\",\"valueRequired\":true,\"valueName\":\"search_term_string\"}}],\"inLanguage\":\"es\"},{\"@type\":\"Organization\",\"@id\":\"https:\/\/focentelles.net\/#organization\",\"name\":\"La _Fibra de proximitat\",\"url\":\"https:\/\/focentelles.net\/\",\"logo\":{\"@type\":\"ImageObject\",\"inLanguage\":\"es\",\"@id\":\"https:\/\/focentelles.net\/#\/schema\/logo\/image\/\",\"url\":\"https:\/\/focentelles.net\/wp-content\/uploads\/2023\/09\/logo-2-SL-gran.jpg\",\"contentUrl\":\"https:\/\/focentelles.net\/wp-content\/uploads\/2023\/09\/logo-2-SL-gran.jpg\",\"width\":2447,\"height\":603,\"caption\":\"La _Fibra de proximitat\"},\"image\":{\"@id\":\"https:\/\/focentelles.net\/#\/schema\/logo\/image\/\"}}]}<\/script>\n<!-- \/ Yoast SEO plugin. -->","yoast_head_json":{"title":"Declaraci\u00f3n de accesibilidad - Fibra \u00d2ptica Centelles","robots":{"index":"index","follow":"follow","max-snippet":"max-snippet:-1","max-image-preview":"max-image-preview:large","max-video-preview":"max-video-preview:-1"},"canonical":"https:\/\/focentelles.net\/es\/declaracion-de-accesibilidad\/","og_locale":"es_ES","og_type":"article","og_title":"Declaraci\u00f3n de accesibilidad - Fibra \u00d2ptica Centelles","og_description":"Fibra \u00d2ptica Centelles se ha comprometido a hacer accesible su sitio web, de conformidad con normativa WCAG 2.1 en materia de accesibilidad y que se utiliza como evidencia de la justificaci\u00f3n del criterio de accesibilidad del Programa Kit Digital. Est\u00e1 estructurado conforme a los anexos de la norma UNE-EN 301 549:2022. La presente declaraci\u00f3n de [&hellip;]","og_url":"https:\/\/focentelles.net\/es\/declaracion-de-accesibilidad\/","og_site_name":"Fibra \u00d2ptica Centelles","article_modified_time":"2023-11-06T12:05:35+00:00","twitter_card":"summary_large_image","schema":{"@context":"https:\/\/schema.org","@graph":[{"@type":"WebPage","@id":"https:\/\/focentelles.net\/es\/declaracion-de-accesibilidad\/","url":"https:\/\/focentelles.net\/es\/declaracion-de-accesibilidad\/","name":"Declaraci\u00f3n de accesibilidad - Fibra \u00d2ptica Centelles","isPartOf":{"@id":"https:\/\/focentelles.net\/#website"},"datePublished":"2023-11-03T09:48:09+00:00","dateModified":"2023-11-06T12:05:35+00:00","breadcrumb":{"@id":"https:\/\/focentelles.net\/es\/declaracion-de-accesibilidad\/#breadcrumb"},"inLanguage":"es","potentialAction":[{"@type":"ReadAction","target":["https:\/\/focentelles.net\/es\/declaracion-de-accesibilidad\/"]}]},{"@type":"BreadcrumbList","@id":"https:\/\/focentelles.net\/es\/declaracion-de-accesibilidad\/#breadcrumb","itemListElement":[{"@type":"ListItem","position":1,"name":"Portada","item":"https:\/\/focentelles.net\/"},{"@type":"ListItem","position":2,"name":"Declaraci\u00f3n de accesibilidad"}]},{"@type":"WebSite","@id":"https:\/\/focentelles.net\/#website","url":"https:\/\/focentelles.net\/","name":"Fibra \u00d2ptica Centelles","description":"L&#039;operadora del teu poble","publisher":{"@id":"https:\/\/focentelles.net\/#organization"},"potentialAction":[{"@type":"SearchAction","target":{"@type":"EntryPoint","urlTemplate":"https:\/\/focentelles.net\/?s={search_term_string}"},"query-input":{"@type":"PropertyValueSpecification","valueRequired":true,"valueName":"search_term_string"}}],"inLanguage":"es"},{"@type":"Organization","@id":"https:\/\/focentelles.net\/#organization","name":"La _Fibra de proximitat","url":"https:\/\/focentelles.net\/","logo":{"@type":"ImageObject","inLanguage":"es","@id":"https:\/\/focentelles.net\/#\/schema\/logo\/image\/","url":"https:\/\/focentelles.net\/wp-content\/uploads\/2023\/09\/logo-2-SL-gran.jpg","contentUrl":"https:\/\/focentelles.net\/wp-content\/uploads\/2023\/09\/logo-2-SL-gran.jpg","width":2447,"height":603,"caption":"La _Fibra de proximitat"},"image":{"@id":"https:\/\/focentelles.net\/#\/schema\/logo\/image\/"}}]}},"_links":{"self":[{"href":"https:\/\/focentelles.net\/es\/wp-json\/wp\/v2\/pages\/362","targetHints":{"allow":["GET"]}}],"collection":[{"href":"https:\/\/focentelles.net\/es\/wp-json\/wp\/v2\/pages"}],"about":[{"href":"https:\/\/focentelles.net\/es\/wp-json\/wp\/v2\/types\/page"}],"author":[{"embeddable":true,"href":"https:\/\/focentelles.net\/es\/wp-json\/wp\/v2\/users\/2"}],"replies":[{"embeddable":true,"href":"https:\/\/focentelles.net\/es\/wp-json\/wp\/v2\/comments?post=362"}],"version-history":[{"count":1,"href":"https:\/\/focentelles.net\/es\/wp-json\/wp\/v2\/pages\/362\/revisions"}],"predecessor-version":[{"id":363,"href":"https:\/\/focentelles.net\/es\/wp-json\/wp\/v2\/pages\/362\/revisions\/363"}],"wp:attachment":[{"href":"https:\/\/focentelles.net\/es\/wp-json\/wp\/v2\/media?parent=362"}],"curies":[{"name":"wp","href":"https:\/\/api.w.org\/{rel}","templated":true}]}}

Declaración de accesibilidad

<p>Fibra Òptica Centelles se ha comprometido a hacer accesible su sitio web, de conformidad con normativa WCAG 2.1 en materia de accesibilidad y que se utiliza como evidencia de la justificación del criterio de accesibilidad del Programa Kit Digital. Está estructurado conforme a los anexos de la norma UNE-EN 301 549:2022. La presente declaración de accesibilidad se aplica al sitio web focentelles.net.</p>

<p>Fibra Òptica Centelles se ha comprometido a hacer accesible su sitio web, de conformidad con normativa WCAG 2.1 en materia de accesibilidad y que se utiliza como evidencia de la justificación del criterio de accesibilidad del Programa Kit Digital. Está estructurado conforme a los anexos de la norma UNE-EN 301 549:2022. La presente declaración de [&hellip;]</p>

<!-- This site is optimized with the Yoast SEO plugin v25.9 - https://yoast.com/wordpress/plugins/seo/ -->
<title>Declaración de accesibilidad - Fibra Òptica Centelles</title>
<meta name="robots" content="index, follow, max-snippet:-1, max-image-preview:large, max-video-preview:-1" />
<link rel="canonical" href="https://focentelles.net/es/declaracion-de-accesibilidad/" />
<meta property="og:locale" content="es_ES" />
<meta property="og:type" content="article" />
<meta property="og:title" content="Declaración de accesibilidad - Fibra Òptica Centelles" />
<meta property="og:description" content="Fibra Òptica Centelles se ha comprometido a hacer accesible su sitio web, de conformidad con normativa WCAG 2.1 en materia de accesibilidad y que se utiliza como evidencia de la justificación del criterio de accesibilidad del Programa Kit Digital. Está estructurado conforme a los anexos de la norma UNE-EN 301 549:2022. La presente declaración de [&hellip;]" />
<meta property="og:url" content="https://focentelles.net/es/declaracion-de-accesibilidad/" />
<meta property="og:site_name" content="Fibra Òptica Centelles" />
<meta property="article:modified_time" content="2023-11-06T12:05:35+00:00" />
<meta name="twitter:card" content="summary_large_image" />
<script type="application/ld+json" class="yoast-schema-graph">{"@context":"https://schema.org","@graph":[{"@type":"WebPage","@id":"https://focentelles.net/es/declaracion-de-accesibilidad/","url":"https://focentelles.net/es/declaracion-de-accesibilidad/","name":"Declaración de accesibilidad - Fibra Òptica Centelles","isPartOf":{"@id":"https://focentelles.net/#website"},"datePublished":"2023-11-03T09:48:09+00:00","dateModified":"2023-11-06T12:05:35+00:00","breadcrumb":{"@id":"https://focentelles.net/es/declaracion-de-accesibilidad/#breadcrumb"},"inLanguage":"es","potentialAction":[{"@type":"ReadAction","target":["https://focentelles.net/es/declaracion-de-accesibilidad/"]}]},{"@type":"BreadcrumbList","@id":"https://focentelles.net/es/declaracion-de-accesibilidad/#breadcrumb","itemListElement":[{"@type":"ListItem","position":1,"name":"Portada","item":"https://focentelles.net/"},{"@type":"ListItem","position":2,"name":"Declaración de accesibilidad"}]},{"@type":"WebSite","@id":"https://focentelles.net/#website","url":"https://focentelles.net/","name":"Fibra Òptica Centelles","description":"L&#039;operadora del teu poble","publisher":{"@id":"https://focentelles.net/#organization"},"potentialAction":[{"@type":"SearchAction","target":{"@type":"EntryPoint","urlTemplate":"https://focentelles.net/?s={search_term_string}"},"query-input":{"@type":"PropertyValueSpecification","valueRequired":true,"valueName":"search_term_string"}}],"inLanguage":"es"},{"@type":"Organization","@id":"https://focentelles.net/#organization","name":"La _Fibra de proximitat","url":"https://focentelles.net/","logo":{"@type":"ImageObject","inLanguage":"es","@id":"https://focentelles.net/#/schema/logo/image/","url":"https://focentelles.net/wp-content/uploads/2023/09/logo-2-SL-gran.jpg","contentUrl":"https://focentelles.net/wp-content/uploads/2023/09/logo-2-SL-gran.jpg","width":2447,"height":603,"caption":"La _Fibra de proximitat"},"image":{"@id":"https://focentelles.net/#/schema/logo/image/"}}]}</script>
<!-- / Yoast SEO plugin. -->

Declaración de accesibilidad - Fibra Òptica Centelles

Fibra Òptica Centelles se ha comprometido a hacer accesible su sitio web, de conformidad con normativa WCAG 2.1 en materia de accesibilidad y que se utiliza como evidencia de la justificación del criterio de accesibilidad del Programa Kit Digital. Está estructurado conforme a los anexos de la norma UNE-EN 301 549:2022. La presente declaración de [&hellip;]

Fibra Òptica Centelles
